 common divisor of 37550613 and 1335.
267
What is the highest common divisor of 8404 and 175252?
44
Calculate the greatest common factor of 104 and 4064728.
8
Calculate the highest common factor of 2561 and 30535000.
197
What is the highest common divisor of 612 and 6190788?
204
Calculate the greatest common factor of 11 and 2207770455.
11
Calculate the highest common factor of 15158371 and 106.
53
What is the highest common divisor of 7600418 and 5320?
266
Calculate the greatest common factor of 58296 and 3514.
14
Calculate the highest common factor of 360231605 and 965.
965
What is the highest common divisor of 2746385 and 246?
41
What is the highest common divisor of 74699615 and 4505?
85
What is the highest common divisor of 1688011 and 6331?
13
Calculate the highest common factor of 174229 and 282.
47
What is the highest common factor of 12 and 19947684?
12
What is the greatest common factor of 53790 and 1458?
6
Calculate the highest common factor of 394610 and 70.
10
Calculate the greatest common factor of 4048 and 378808.
8
Calculate the greatest common factor of 20355 and 517500.
345
What is the greatest common divisor of 1322379 and 9503?
731
What is the highest common factor of 2828 and 5874736?
28
Calculate the highest common divisor of 8210 and 830.
10
What is the greatest common factor of 1573769 and 1623?
541
What is the greatest common divisor of 42 and 14181986?
14
Calculate the highest common divisor of 822439942 and 116.
58
Calculate the greatest common divisor of 190 and 1594644635.
95
Calculate the greatest common divisor of 44022 and 381018.
1518
Calculate the greatest common factor of 15070 and 191290.
110
What is the highest common divisor of 41558097 and 511?
511
Calculate the highest common factor of 1955 and 57404665.
1955
Calculate the greatest common divisor of 11329035 and 5715.
1905
What is the greatest common factor of 7161 and 2443980?
231
What is the highest common factor of 120 and 489130185?
15
Calculate the highest common divisor of 2117469 and 204.
51
What is the highest common divisor of 8944 and 355696?
688
What is the highest common divisor of 1024620 and 900?
60
What is the greatest common divisor of 14129 and 91341?
199
What is the greatest common factor of 1080972 and 660?
12
What is the greatest common factor of 11282581 and 681?
227
Calculate the highest common divisor of 24676317 and 9.
9
Calculate the highest common factor of 2787158 and 58135.
1661
What is the greatest common divisor of 11014997 and 277236?
2567
Calculate the highest common divisor of 331963956 and 23580.
4716
Calculate the highest common divisor of 440 and 620520.
40
Calculate the highest common divisor of 115262 and 1036.
14
Calculate the highest common divisor of 6942152 and 280.
56
Calculate the highest common divisor of 740 and 2950280.
20
Calculate the highest common factor of 64087 and 9650153.
3373
Calculate the highest common factor of 150545640 and 180.
60
Calculate the greatest common divisor of 2712 and 40599544.
904
Calculate the highest common divisor of 294 and 4343164.
98
Calculate the greatest common divisor of 4428 and 643896.
108
Calculate the highest common factor of 39782624 and 14.
14
Calculate the highest common factor of 8534666 and 182.
14
Calculate the highest common factor of 11373105 and 885.
15
Calculate the greatest common factor of 216255 and 56706.
39
Calculate the greatest common divisor of 107137 and 9.
1
Calculate the highest common divisor of 39765 and 8306065.
1205
Calculate the highest common divisor of 74952 and 742233.
1041
Calculate the highest common factor of 1022 and 8451590.
14
What is the highest common factor of 105 and 83713455?
105
Calculate the highest common divisor of 180334649 and 242.
121
Calculate the highest common factor of 5705 and 4286737.
1141
Calculate the highest common factor of 11651 and 58955970.
191
What is the highest common factor of 40 and 66166280?
40
Calculate the highest common divisor of 3164 and 2464.
28
Calculate the greatest common divisor of 16761 and 14427597.
453
Calculate the highest common factor of 1920 and 36533820.
60
Calculate the greatest common factor of 738434 and 14032.
1754
What is the greatest common factor of 794 and 16336?
2
Calculate the highest common divisor of 398583 and 7083.
9
Calculate the highest common divisor of 3411 and 624385824.
1137
Calculate the highest common factor of 252 and 420084.
252
What is the highest common divisor of 3 and 3952005?
3
What is the greatest common factor of 87714 and 1386?
198
Calculate the highest common factor of 245 and 18999701.
49
What is the greatest common factor of 460 and 2129915?
115
Calculate the greatest common factor of 7574 and 5318030.
1082
Calculate the highest common divisor of 265292 and 783.
29
Calculate the greatest common divisor of 291879 and 508613.
791
Calculate the highest common factor of 9288656 and 15496.
104
Calculate the highest common factor of 44055 and 660165.
165
What is the greatest common divisor of 12 and 90480972?
12
What is the highest common divisor of 12747 and 140754195?
1821
What is the greatest common divisor of 1726815 and 6308?
1577
Calculate the greatest common divisor of 437 and 37735387.
437
What is the highest common factor of 44 and 5978786?
22
What is the greatest common divisor of 7428762 and 1564?
34
What is the highest common divisor of 530762346 and 3195?
639
Calculate the highest common factor of 15364271 and 1.
1
What is the greatest common factor of 2018 and 3047061947?
1009
Calculate the highest common factor of 514217 and 22297.
11
What is the highest common factor of 366 and 30657516?
6
What is the greatest common divisor of 78286740 and 420?
420
What is the greatest common divisor of 12375 and 4767?
3
Calculate the greatest common divisor of 38002 and 4666.
2
Calculate the highest common divisor of 2453 and 65642503.
223
What is the greatest common divisor of 135 and 304723845?
45
What is the highest common factor of 49664 and 156752?
1552
Calculate the greatest common divisor of 44243 and 835343.
293
Calculate the greatest common factor of 12071280 and 140.
20
What is the highest common factor of 7992 and 122634?
54
Calculate the greatest common factor of 53560 and 2027246.
2678
What is the highest common divisor of 368762243 and 184?
23
Calculate the highest common divisor of 88 and 2931.
1
What is the greatest common factor of 103904704 and 256?
64
Calculate the greatest common factor of 33648 and 15448638.
4206
What is the greatest common divisor of 379933 and 1819?
17
What is the greatest common factor of 289244 and 48764?
668
What is the greatest common factor of 369 and 167731?
41
Calculate the highest common divisor of 1122510 and 221520.
2130
Calculate the highest common factor of 314106 and 12714.
78
Calculate the greatest common factor of 29237 and 879359.
2249
Calculate the greatest common divisor of 6814328 and 1359.
151
Calculate the greatest common factor of 19480 and 34068085.
2435
What is the highest common divisor of 75481051 and 146?
73
Calculate the greatest common divisor of 11 and 271786867.
11
Calculate the greatest common factor of 9091440 and 234.
18
Calculate the greatest common factor of 32 and 7190752.
32
Calculate the highest common divisor of 14626741 and 523.
523
What is the greatest common factor of 6598843 and 3?
1
What is the highest common factor of 240 and 58378960?
80
Calculate the greatest common divisor of 597 and 19231161.
597
What is the highest common divisor of 380261 and 28?
7
What is the greatest common divisor of 46 and 154933474?
46
What is the greatest common divisor of 288653840 and 344?
344
Calculate the highest common factor of 718785799 and 33523.
4789
What is the highest common factor of 22927618 and 1358?
14
What is the highest common divisor of 2068426 and 152618?
274
What is the highest common factor of 17517192 and 6468?
924
Calculate the highest common factor of 859068 and 846720.
1764
Calculate the highest common factor of 470373 and 299.
23
What is the highest common divisor of 3721249 and 21?
7
What is the greatest common divisor of 56896730 and 430?
10
Calculate the highest common divisor of 2216 and 545136.
2216
Calculate the highest common divisor of 334602091 and 2438.
